{"id":4,"date":"2016-01-19T11:38:45","date_gmt":"2016-01-19T11:38:45","guid":{"rendered":"http:\/\/institutomusicalrenatobon.com.br\/revistarefletir\/?page_id=4"},"modified":"2016-01-19T15:36:25","modified_gmt":"2016-01-19T15:36:25","slug":"revista-refletir","status":"publish","type":"page","link":"http:\/\/institutomusicalrenatobon.com.br\/revistarefletir\/","title":{"rendered":"Revista Refletir"},"content":{"rendered":"<p style=\"text-align: center;\">APRESENTA\u00c7\u00c3O<\/p>\n<p><a href=\"http:\/\/institutomusicalrenatobon.com.br\/wp-content\/uploads\/2014\/01\/Imagem-CAPA.png\"><img loading=\"lazy\" decoding=\"async\" class=\"alignnone  wp-image-506\" src=\"http:\/\/institutomusicalrenatobon.com.br\/wp-content\/uploads\/2014\/01\/Imagem-CAPA-200x200.png\" alt=\"Imagem CAPA\" width=\"474\" height=\"474\" \/><\/a><\/p>\n<p>No primeiro reflexo vemos o sol na lua.<\/p>\n<p>Quem ir\u00e1 al\u00e9m das sombras da caverna sem a sua luz?<\/p>\n<p>No segundo reflexo a lua no mar.<\/p>\n<p>Nele a intelec\u00e7\u00e3o pode se aprofundar.<\/p>\n<p>Enxergue al\u00e9m de seu pr\u00f3prio reflexo!<\/p>\n<p>Mergulhe no infinito universo do conhecimento!<\/p>\n<p>Venha Refletir!<\/p>\n<p>&nbsp;<\/p>\n<p>Renato Bon<\/p>\n","protected":false},"excerpt":{"rendered":"<p>APRESENTA\u00c7\u00c3O No primeiro reflexo vemos o sol na lua. Quem ir\u00e1 al\u00e9m das sombras da caverna sem a sua luz? No segundo reflexo a lua no mar. Nele a intelec\u00e7\u00e3o pode se aprofundar. Enxergue al\u00e9m de seu pr\u00f3prio reflexo! Mergulhe no infinito universo do conhecimento! Venha Refletir! &nbsp; Renato Bon<\/p>\n","protected":false},"author":1,"featured_media":0,"parent":0,"menu_order":1,"comment_status":"closed","ping_status":"closed","template":"","meta":{"footnotes":""},"class_list":["post-4","page","type-page","status-publish","hentry"],"_links":{"self":[{"href":"http:\/\/institutomusicalrenatobon.com.br\/revistarefletir\/wp-json\/wp\/v2\/pages\/4","targetHints":{"allow":["GET"]}}],"collection":[{"href":"http:\/\/institutomusicalrenatobon.com.br\/revistarefletir\/wp-json\/wp\/v2\/pages"}],"about":[{"href":"http:\/\/institutomusicalrenatobon.com.br\/revistarefletir\/wp-json\/wp\/v2\/types\/page"}],"author":[{"embeddable":true,"href":"http:\/\/institutomusicalrenatobon.com.br\/revistarefletir\/wp-json\/wp\/v2\/users\/1"}],"replies":[{"embeddable":true,"href":"http:\/\/institutomusicalrenatobon.com.br\/revistarefletir\/wp-json\/wp\/v2\/comments?post=4"}],"version-history":[{"count":2,"href":"http:\/\/institutomusicalrenatobon.com.br\/revistarefletir\/wp-json\/wp\/v2\/pages\/4\/revisions"}],"predecessor-version":[{"id":74,"href":"http:\/\/institutomusicalrenatobon.com.br\/revistarefletir\/wp-json\/wp\/v2\/pages\/4\/revisions\/74"}],"wp:attachment":[{"href":"http:\/\/institutomusicalrenatobon.com.br\/revistarefletir\/wp-json\/wp\/v2\/media?parent=4"}],"curies":[{"name":"wp","href":"https:\/\/api.w.org\/{rel}","templated":true}]}}

<p style="text-align: center;">APRESENTAÇÃO</p>
<p><a href="http://institutomusicalrenatobon.com.br/wp-content/uploads/2014/01/Imagem-CAPA.png"><img loading="lazy" decoding="async" class="alignnone  wp-image-506" src="http://institutomusicalrenatobon.com.br/wp-content/uploads/2014/01/Imagem-CAPA-200x200.png" alt="Imagem CAPA" width="474" height="474" /></a></p>
<p>No primeiro reflexo vemos o sol na lua.</p>
<p>Quem irá além das sombras da caverna sem a sua luz?</p>
<p>No segundo reflexo a lua no mar.</p>
<p>Nele a intelecção pode se aprofundar.</p>
<p>Enxergue além de seu próprio reflexo!</p>
<p>Mergulhe no infinito universo do conhecimento!</p>
<p>Venha Refletir!</p>
<p>&nbsp;</p>
<p>Renato Bon</p>

<p>APRESENTAÇÃO No primeiro reflexo vemos o sol na lua. Quem irá além das sombras da caverna sem a sua luz? No segundo reflexo a lua no mar. Nele a intelecção pode se aprofundar. Enxergue além de seu próprio reflexo! Mergulhe no infinito universo do conhecimento! Venha Refletir! &nbsp; Renato Bon</p>
